2001 (base 3) in base 7?
-50624410
Convert 128913 (base 13) to base 7.
3542514
Convert 24275723 (base 8) to base 2.
10100010111101111010011
What is -104607 (base 10) in base 2?
-11001100010011111
-607628 (base 9) to base 3
-200021200222
-18685714 (base 9) to base 8
-44020200
Convert 4134045 (base 6) to base 11.
126714
What is 1109373 (base 13) in base 7?
62233134
What is 1976137 (base 10) in base 3?
10201101202021
Convert -21012222021201 (base 3) to base 13.
-a44a0c
Convert 2163305 (base 10) to base 8.
10201151
Convert -33131023010 (base 4) to base 14.
-77679a
Convert -c7479 (base 16) to base 8.
-3072171
-2220137 (base 9) to base 13
-32a74b
-10001101000100011110 (base 2) to base 11
-365143
932892 (base 11) to base 2
101101101100000011001
What is -482815 (base 10) in base 15?
-980ca
b7951 (base 14) to base 3
211112112100
Convert 1aca1 (base 14) to base 7.
403161
Convert 65ba5 (base 14) to base 7.
2044465
6b3113 (base 12) to base 13
485a75
Convert -11100111110110110100 (base 2) to base 14.
-1aa148
-a957d (base 16) to base 5
-134144004
-21d44f (base 16) to base 2
-1000011101010001001111
Convert -111741 (base 10) to base 2.
-11011010001111101
Convert -4c34 (base 16) to base 8.
-46064
Convert -1303100231 (base 4) to base 14.
-c40a1
What is 33da1 (base 16) in base 5?
23244020
7a93b (base 13) to base 15
4632d
6a30a (base 16) to base 13
122c90
Convert -2010020222 (base 3) to base 4.
-22030031
Convert -1eab26 (base 15) to base 8.
-5572202
Convert -33530 (base 13) to base 12.
-45ab2
What is -124211203 (base 5) in base 6?
-21113500
What is -103113532 (base 6) in base 12?
-7428a8
What is -2121400123 (base 5) in base 16?
-446108
What is -95026 (base 11) in base 4?
-201303110
Convert 4b471 (base 15) to base 12.
b7307
What is 1648260 (base 9) in base 11?
577800
-24421202 (base 5) to base 9
-384150
Convert -5873a5 (base 11) to base 8.
-3434522
-31614 (base 7) to base 13
-375c
What is -30010 (base 7) in base 12?
-420a
2126950 (base 10) to base 7
24036010
What is a701 (base 16) in base 7?
235434
What is 3773068 (base 9) in base 8?
7657242
What is -10110011101111011110 (base 2) in base 15?
-e8217
What is 13052626 (base 7) in base 12?
494447
Convert -116522 (base 14) to base 5.
-122444324
What is 100004304 (base 5) in base 11?
247a10
Convert -29872 (base 10) to base 5.
-1423442
Convert -115898 (base 13) to base 9.
-687528
-494893 (base 10) to base 12
-1ba491
What is 110203101133 (base 4) in base 11?
304a66a
-426609 (base 12) to base 13
-2a9057
-2214044 (base 7) to base 8
-1024515
135133430 (base 6) to base 10
2765178
111721 (base 10) to base 9
180224
Convert 198535 (base 11) to base 3.
120110011101
Convert 1212322112 (base 5) to base 14.
544481
What is 304aa4 (base 12) in base 6?
24103124
Convert 1010010101010010 (base 2) to base 7.
234250
-1724b0 (base 14) to base 12
-3326b6
Convert -b245cf (base 16) to base 6.
-1054225131
What is 143034130 (base 5) in base 10?
752415
-11a18a (base 14) to base 7
-5063633
-50a9 (base 12) to base 2
-10001001000001
What is 7a9826 (base 13) in base 11?
1705203
-110040 (base 6) to base 15
-2a66
479ac9 (base 13) to base 5
414103402
Convert 66b23 (base 12) to base 9.
227080
Convert 4f79 (base 16) to base 7.
113213
What is 222002001220 (base 3) in base 16?
7d4f3
1671b4 (base 13) to base 5
120331404
24518 (base 10) to base 9
36562
Convert 69cb (base 15) to base 10.
22466
Convert -bde364 (base 15) to base 14.
-12bb6a9
What is -17816 (base 15) in base 13?
-28818
1514716 (base 8) to base 9
728355
What is 420037 (base 9) in base 8?
747010
Convert 122020211120 (base 3) to base 10.
339594
-10001011001011000110 (base 2) to base 8
-2131306
What is -101100101110000110111 (base 2) in base 8?
-5456067
Convert 1542345 (base 6) to base 9.
148202
What is 11237276 (base 10) in base 13?
2435a9b
Convert -6f91e (base 16) to base 8.
-1574436
Convert -e0ecf (base 16) to base 2.
-11100000111011001111
Convert 425d1b (base 15) to base 10.
3158576
Convert 5a7b (base 12) to base 11.
7710
Convert 60b22 (base 15) to base 10.
306257
Convert 6666564 (base 7) to base 13.
22aa96
Convert -373518 (base 9) to base 8.
-670623
Convert -10212143 (base 5) to base 2.
-10100110100110010
What is 3003303012 (base 4) in base 5?
201130430
What is -2474672 (base 8) in base 3?
-1021212201202
130044011 (base 6) to base 11
1475480
What is -1001001101000010011110 (base 2) in base 10?
-2412702
What is 32323535 (base 6) in base 15?
13e62b
Convert -516128 (base 14) to base 8.
-12357650
What is 101101100011000101001 (base 2) in base 13?
403464
Convert 230811 (base 9) to base 12.
68147
What is 1020221423 (base 5) in base 6?
113213241
Convert 2020031 (base 5) to base 13.
11a53
What is -156228a (base 12) in base 16?
-42810a
-15374425 (base 9) to base 8
-35175517
-17735620 (base 8) to base 3
-21212012110201
-10333100333 (base 4) to base 16
-13f43f
180841 (base 10) to base 7
1352143
113120001 (base 4) to base 3
11212100010
-9360577 (base 11) to base 13
-3563534
What is 1010200123 (base 4) in base 3?
112020220201
-3c59b (base 14) to base 11
-a2191
Convert -330811 (base 12) to base 2.
-11000101101110001101
Convert -38e8ea (base 15) to base 5.
-1144414040
What is 442212 (base 6) in base 12?
19368
What is 3137373 (base 9) in base 16?
199c83
-119500 (base 11) to base 3
-100120021012
Convert 121202221121 (base 3) to base 5.
41031244
What is 110111101110010 (base 2) in base 4?
12331302
Convert -706930 (base 12) to base 4.
-12230012310
Convert -2214003 (base 7) to base 3.
-111212001120
566330 (base 9) to base 12
1443b3
Convert -432020 (base 6) to base 13.
-1318b
215336 (base 7) to base 16
9410
Convert 2134314420 (base 5) to base 2.
10001100100000111001000
What is -1c5bd (base 15) in base 16?
-1690c
What is 9c0279 (base 13) in base 3?
20221012121100
What is -100101011110000011000 (base 2) in base 5?
-303242200
What is -13a661 (base 14) in base 11?
-426254
-110011001110101011111000 (base 2) to base 5
-11414220441
Convert -828581 (base 10) to base 6.
-25432005
-30113132 (base 4) to base 13
-1a096
1020123311 (base 4) to base 6
10205325
Convert 100111001100001100 (base 2) to base 10.
160524
110220211021 (base 3) to base 8
760525
Convert -183e5a (base 15) to base 11.
-734939
Convert -a78b (base 14) to base 9.
-43620
What is 26b40 (base 16) in base 6?
3221532
Convert 30546241 (base 8) to base 2.
11000101100110010100001
43205160 (base 8) to base 11
5243653
Convert 113112520 (base 6) to base 5.
1014443331
a304d (base 16) to base 6
22151153
Convert 4a92db (base 14) to base 4.
21301023201
3277063 (base 9) to base 14
33c96c
What is -536671 (base 8) in base 16?
-2bdb9
63ba6 (base 13) to base 9
303756
What is 74a48 (base 11) in base 13?
3a853
101100001101110000 (base 2) to base 13
64581
-1545302 (base 7) to base 15
-43252
What is -12849e (base 15) in base 12?
-36a342
What is 19ba1 (base 12) in base 6?
451521
What is 21177355 (base 8) in base 11?
2609255
Convert b1109 (base 13) to base 3.
121002012221
5c548 (base 15) to base 14
79626
Convert 26ddca (base 15) to base 13.
505c0c
What is 21175 (base 13) in base 11?
40848
1010327 (base 8) to base 4
1001003113
What is 4b987 (base 13) in base 10?
140043
What is -75694 (base 11) in base 3?
-12120212000
Convert 1a3c2 (base 15) to base 16.
14cf0
1011011000010110110000 (base 2) to base 15
3dde49
Convert -a02b (base 16) to base 5.
-2303003
Convert 33211210 (base 4) to base 9.
106517
What is 6437533 (base 8) in base 15?
23ea20
What is 5485a0 (base 11) in base 5?
211001212
Convert 2276895 (base 10) to base 6.
120445103
Convert -25551130 (base 6) to base 11.
-52320a
-272830 (base 10) to base 15
-55c8a
What is -122011012102 (base 3) in base 10?
-337673
What is -3eceae (base 15) in base 11?
-1790002
What is -101000110201200 (base 3) in base 5?
-2330324224
What is 13254110 (base 6) in base 15?
8b32c
Convert -81382 (base 11) to base 13.
-42181
Convert -5523bf (base 16) to base 12.
-1a50bbb
What is -96322 (base 10) in base 14?
-27162
-120120300 (base 4) to base 10
-99888
Convert -151aee (base 15) to base 8.
-3704755
What is 310624 (base 9) in base 12?
8a734
What is 2b9a33 (base 12) in base 2?
10110101010110000111
What is -61007 (base 10) in base 16?
-ee4f
What is 17a8a43 (base 11) in base 2?
1011101010011001010001
Convert -2a3807 (base 14) to base 4.
-11212302233
-a64384 (base 11)